p + 9. What is the tens digit of b(-27)?
9
Let a = -3 - 4. Let d = -5 - a. What is the units digit of d?
2
Let n(b) = b + 4. What is the units digit of n(-1)?
3
Let m = 65 + 337. What is the units digit of m?
2
Let v = -28 + 17. Let w = -11 + 4. Let t = w - v. What is the units digit of t?
4
Let a(s) be the third derivative of -s**5/60 + s**4/3 + 7*s**3/6 - 3*s**2. What is the units digit of a(8)?
7
Suppose 2*k - 3*k - 12 = 0. Let h = 27 + k. What is the units digit of h?
5
Let b = -7 - -10. What is the units digit of -1 + 5 + b + -2?
5
Let k = 102 + -212. Let w be (k/15)/(4/(-6)). Suppose w + 5 = 4*x. What is the units digit of x?
4
Suppose 5*h - 4*o = 66, 2*h + 4*o - 6 + 2 = 0. Let p(b) = -b**3 + 10*b**2 - b + 12. What is the units digit of p(h)?
2
Let v(t) = 3*t**2 + 10*t - 12. Let h(y) = 7*y**2 + 21*y - 24. Let u(o) = 2*h(o) - 5*v(o). What is the units digit of u(-9)?
3
Let f(z) be the first derivative of z**4/4 + z**3/3 - z**2/2 + 2*z + 1. Let y be f(-2). Suppose y = 4*w + 4, -i - 15 = -2*i + 5*w. What is the tens digit of i?
1
Let q(u) = -u**3 - u**2 + u. Let t be q(-4). What is the units digit of ((-3)/(-6))/(2/t)?
1
Suppose 5 + 1 = 3*g. Suppose 2*b + 2*r - 26 = 0, g*r - 3*r + 23 = 2*b. What is the units digit of b?
0
Let p = 5 - -1. Suppose 1 + 1 = r. Suppose -p = -5*d + r*d. What is the units digit of d?
2
Let r(z) = -z**3 - z**2 - 1. Let h be r(-2). Suppose -4*s + 3*l + 52 = -l, -h*l = -5*s + 55. Let d = s - 2. What is the units digit of d?
6
Let k(n) = n**3 + 11*n**2 - 5*n - 10. What is the units digit of k(-8)?
2
Suppose -2*q = -0*q - 46. Suppose -31 = -2*w + 5*g - 5, 0 = -w + 5*g + q. Suppose -12 = -d - w*t, 2*d - t = -2*d + 9. What is the units digit of d?
3
Suppose 2*p + 2*p - 16 = 0. Suppose g + 4*k + k + 8 = 0, 0 = -4*g - p*k + 16. What is the units digit of g?
7
Suppose 6*b = 7*b - 3. Let s(t) = 0*t - b + 5 + 0*t + t. What is the units digit of s(6)?
8
Let x(b) = -b**2 - 6*b - 1. Let s(r) = 3*r**2 + 17*r + 3. Let w(t) = 4*s(t) + 11*x(t). Let p be -2 + 1*(-2 - -1). What is the units digit of w(p)?
4
Let s(j) = 4*j**2 - 5. Let m(o) = 3*o**2 - 4. Let t(x) = -5*m(x) + 4*s(x). What is the tens digit of t(-5)?
2
Let h = -36 + 32. Let z(k) = -9*k - 10. Let l(d) = -10*d - 11. Let n(x) = -4*l(x) + 5*z(x). What is the tens digit of n(h)?
1
Let k = -444 - -765. What is the hundreds digit of k?
3
Suppose -6*y = 3*x - 4*y - 442, 740 = 5*x + 4*y. What is the units digit of x/10 + (-8)/20?
4
Suppose 4 = -5*v - 6. Let o be 92/28 - v/(-7). Let b(f) = 2*f**3 - 4*f**2 - f + 4. What is the tens digit of b(o)?
1
Let x(t) = 3*t**2 - 5*t + 3*t + 3*t**2 + t**3. What is the tens digit of x(-6)?
1
Suppose 4*m - 115 = 125. Suppose 0 = 7*b - 4*b - m. Let p = -5 + b. What is the tens digit of p?
1
Let m(z) be the second derivative of -z**5/20 - z**4/12 - z**3/6 + 9*z**2/2 + 2*z. Let l be 2/3 + 4/(-6). What is the units digit of m(l)?
9
Let q = -8 + 11. Suppose 4*z + 2*t = 12, 8 + 0 = -4*z + q*t. What is the units digit of z?
1
Suppose 2*g - 1322 = -3*y, -7*g + 2*g = -4*y + 1732. What is the hundreds digit of y?
4
Let f(j) = -2*j**3 - 6*j**2 - 4*j + 7. Let v(z) = -z**3 - 2*z**2 - z + 2. Suppose -t + 5 - 3 = 0. Let g(h) = t*f(h) - 7*v(h). What is the units digit of g(1)?
4
Let g be 2/8 - 31/(-4). Let j(a) = a**3 - 8*a**2 + 4. What is the units digit of j(g)?
4
Suppose 6 = y - 5*h + 17, -5*y + 35 = 5*h. Suppose -2*x - 2*o + 14 = 0, 5*o = 2*x + y - 11. Let m = x - 4. What is the units digit of m?
2
Let j(d) = -d**2 - 5*d + 4. Let r be j(-6). Let g = 1 - -2. What is the units digit of g - (r - (-2 + 1))?
4
What is the tens digit of 44 - (-4 - -6) - 3/(-1)?
4
Suppose 306 = 3*w + 3*b, -w + b + 2*b + 98 = 0. What is the tens digit of w?
0
Suppose 0 = -5*o + 311 - 11. What is the units digit of o?
0
Let r = 499 - 270. What is the tens digit of r?
2
Suppose 3*b + 0*h + 2*h + 11 = 0, -2*b + 5*h + 18 = 0. Let v(k) = -14*k - 1. What is the units digit of v(b)?
3
Suppose -2*g + 6*g - 2*t - 10 = 0, -5*g + 2 = t. Suppose 15 = 3*v, 3*p - 21 + 5 = -2*v. Suppose -p = -z - g. What is the units digit of z?
1
Let l = -3 + 1. Suppose p - 3*p - 21 = 5*z, -p - 2*z - 8 = 0. Let v = p - l. What is the units digit of v?
4
What is the tens digit of (-79)/(-4) + (-9)/(-36)?
2
Suppose m - 102 = 3*m. What is the units digit of 2/(-1 + m/(-45))?
5
Let r = -102 - -180. What is the units digit of r?
8
Let q be 20/2 - -1*1. Let d(s) be the second derivative of s**3/6 + s**2/2 + 15*s. What is the units digit of d(q)?
2
Let v(t) = -t**3 - 16*t**2 - 5*t + 5. What is the units digit of v(-16)?
5
Suppose -u + 7 + 2 = 0. Suppose -u + 1 = -4*h. What is the units digit of h?
2
Let b = 6 - 12. Let r = b + 29. What is the tens digit of r?
2
Let k(d) be the first derivative of d**4/12 + 5*d**3/6 - 7*d**2/2 - d + 1. Let c(s) be the first derivative of k(s). What is the units digit of c(-7)?
7
What is the units digit of 1/(-2)*0 + 30?
0
Let g = 51 - -16. What is the units digit of g?
7
Let i(q) = -37*q**3 + q**2 - q + 1. Let g be (-3)/(-2) + (-5)/10. Let j be i(g). What is the units digit of (0 - -5)*j/(-20)?
9
Let q = 2 - -1. Suppose -6*b + 12 = -q*b. Suppose 5*s - 3 = b*s. What is the units digit of s?
3
Suppose m - 2*m - 18 = -j, 2*m + 4*j + 42 = 0. Let v = 13 + m. Let n = 0 - v. What is the units digit of n?
6
Let n = -94 - -161. What is the units digit of n?
7
Suppose 0 = -2*t - 3*t + 175. Let n = t - 24. What is the units digit of n?
1
Let l = 15 + 23. Let j = l - 24. What is the tens digit of j?
1
Let t = -116 + 125. What is the units digit of t?
9
Let z(f) be the first derivative of f**2/2 + 5*f + 7. What is the tens digit of z(8)?
1
Let h be ((-10)/(-4))/(2/(-4)). Let t(i) = -i**3 - 4*i**2 + 2*i - 2. What is the units digit of t(h)?
3
Let i(a) = a**2 - 6*a - 8. Let f be i(8). Let j = f - 1. What is the units digit of (-2)/j - (-23)/7?
3
Suppose 10*o = 5*o + 10. Suppose 2*v + 4*y = 22, -v + 3*v = o*y + 46. What is the tens digit of v?
1
Suppose 32 = 2*d + 124. Let l = d + 68. What is the tens digit of l?
2
Suppose -4*x = -8*x + 224. What is the units digit of x?
6
Let h(z) = -z**2 - 10*z - 10. Let m be h(-8). Suppose m*k = k + 65. What is the units digit of k?
3
Suppose 2*w + 28 = 4*w - 5*r, -w - 4*r = 12. Suppose 0 = 6*v - 2*v - 4, -w*g = 4*v - 68. What is the tens digit of g?
1
What is the tens digit of ((-24)/(-30))/(5/((-250)/(-4)))?
1
Let z(o) = o + 6. Let a(d) = -d**2 - d - 7. Let w be a(0). Let q(g) = 2*g + 10. Let k be q(w). What is the units digit of z(k)?
2
Let g = -81 - -140. What is the tens digit of g?
5
Suppose 0 = -2*y - 4*c, -2*y + 3 = -0*y + c. Let b(m) = m + 2. Let x be b(6). Let d = x - y. What is the units digit of d?
6
Suppose -10*s = -3*s - 665. What is the tens digit of s?
9
Let y = 177 + -71. What is the tens digit of y?
0
Suppose 5*u - 88 = 2*m, -2*u - m = 7 - 35. What is the units digit of u?
6
Let g = -48 + 34. Let h = g + 27. What is the units digit of h?
3
Suppose 0 = -5*t + 99 - 39. What is the tens digit of t?
1
Suppose 2*d + z = 6, 2*d = -0*d - 2*z + 2. Suppose -c - d*p + 22 = 0, p - 10 = 5*c - 4*p. Suppose -36 = c*t - 6*t. What is the units digit of t?
9
What is the hundreds digit of ((-1)/((-30)/2980))/((-4)/(-6))?
1
Let p be (-4)/6 + 60/9. Suppose -6 = -3*a + p. Suppose 4*i - a*h = -12, 5*i + 0*h + 3 = 2*h. What is the units digit of i?
1
What is the units digit of -3 + (3*16/12 - -4)?
5
Suppose -2*u - 6 = -5*x, -2*x = 3*u - 0*x - 29. Let w = 12 - u. What is the units digit of w?
5
Let i(a) = -a**2 - 12*a - 7. What is the units digit of i(-7)?
8
Let o(v) = -v**3 + 3*v**2 + 2*v - 2. Let w be o(3). Suppose 0 = 4*a + b - 34, 0 = -4*a + b - w + 42. What is the units digit of a?
9
Suppose -5*g = -g + 8. Let s = g + 14. What is the tens digit of s?
1
Let t(f) = f**3 + 6*f**2 + f + 6. Let u be t(-6). What is the units digit of (u - -1) + 0 + 0?
1
Suppose 3*u - 32 = -o, -4*u - 4*o + 47 = -u. What is the units digit of u?
9
Let z = 82 - -116. What is the tens digit of z?
9
Suppose -c + 410 = 4*c + 5*v, 3*c - 242 = -4*v. What is the units digit of c?
6
Let p be 2378/(-9) + (-2)/(-9). What is the units digit of 4/(-6) - p/18?
4
Suppose -64 = -5*y - 3*z, 2*y - 25 = -z + 1. Suppose -d = -5*g + 8, 4*d + y = -g - d. What is the units digit of g?
1
What is the tens digit